to base 13
-63c92
11076121 (base 8) to base 10
2391121
Convert -3dce7 (base 16) to base 11.
-163225
13087 (base 16) to base 11
53632
Convert -3656014 (base 7) to base 15.
-9395d
234165 (base 8) to base 4
103201311
-120202012102 (base 3) to base 12
-12b46b
What is -3342421 (base 9) in base 8?
-6672533
3220226 (base 7) to base 5
100011411
Convert 168b0a4 (base 12) to base 7.
54433441
Convert 1110031320 (base 4) to base 8.
1241570
Convert 101200230 (base 4) to base 10.
71724
-220321031121 (base 4) to base 14
-15d0a49
15c7dd (base 16) to base 12
58a079
121444425 (base 6) to base 2
1000110111010000000001
Convert 3b96a1 (base 12) to base 15.
148a04
What is -2950918 (base 13) in base 2?
-110010000111111010010010
-1f9da (base 16) to base 5
-13120443
Convert f6272 (base 16) to base 2.
11110110001001110010
-23948d (base 16) to base 13
-638475
Convert 45a346 (base 11) to base 13.
1c7a2c
-13022033322 (base 4) to base 3
-10112100202000
Convert 13560734 (base 8) to base 16.
2ee1dc
Convert 131166 (base 7) to base 8.
57602
Convert -b6741 (base 16) to base 14.
-1564c9
Convert 178131 (base 12) to base 7.
3316321
Convert -83da7 (base 16) to base 14.
-100b67
What is -3d3f (base 16) in base 13?
-71a1
-39d5b3 (base 14) to base 2
-111100111010011111001
-74504 (base 11) to base 3
-12111201120
What is -2332233230 (base 4) in base 12?
-318178
Convert 10110010001110100 (base 2) to base 3.
11122011201
Convert -1413415 (base 7) to base 3.
-100120121001
Convert -117821 (base 11) to base 9.
-313126
What is -111111110101110 (base 2) in base 11?
-22615
Convert -4dc36 (base 14) to base 8.
-566370
-96b923 (base 15) to base 5
-3314133213
What is -304375 (base 13) in base 16?
-1123c6
-1265688 (base 9) to base 14
-140844
Convert -1000011000100001100 (base 2) to base 9.
-457732
Convert -84571 (base 11) to base 12.
-5b313
-702290 (base 12) to base 3
-10021200121200
Convert -1d3e6 (base 16) to base 3.
-20002022101
Convert 2155406 (base 7) to base 2.
1000000111100101011
Convert -e181a (base 15) to base 7.
-6032326
Convert -4ada63 (base 14) to base 9.
-4751653
What is 54d82 (base 14) in base 13?
72836
What is -32753b (base 12) in base 9?
-1450472
What is -20009 (base 15) in base 11?
-6a094
What is -5126a (base 16) in base 2?
-1010001001001101010
-1111111110 (base 4) to base 10
-349524
Convert -473712 (base 8) to base 3.
-22012212022
Convert 4431203 (base 5) to base 8.
226375
-105c77 (base 13) to base 8
-1356624
What is 241434333 (base 5) in base 8?
4223767
Convert -72558 (base 13) to base 4.
-302012313
What is 15324230 (base 6) in base 16?
83dba
Convert 1242243 (base 5) to base 10.
24698
What is 1345636 (base 10) in base 14?
27056c
Convert 47080 (base 13) to base 14.
353c3
What is 110101000100101010011 (base 2) in base 12?
6ba503
Convert 11100111111011111 (base 2) to base 12.
5887b
What is 43001034 (base 5) in base 14?
9503d
-728957 (base 11) to base 6
-41013234
Convert 120331304 (base 5) to base 7.
4513532
Convert 571234 (base 9) to base 7.
2623234
Convert -2116879 (base 10) to base 7.
-23664442
Convert -2e2ed (base 15) to base 9.
-246557
-10002011100122 (base 3) to base 2
-110001111101000000001
Convert -126454 (base 8) to base 16.
-ad2c
What is 160223 (base 8) in base 6?
1122055
What is 10022020210010 (base 3) in base 9?
3266703
Convert 25320227 (base 8) to base 3.
101120002202200
What is -15331321 (base 6) in base 11?
-33a319
What is -12116253 (base 7) in base 16?
-107bb3
What is -41112442 (base 5) in base 6?
-11042103
-14404 (base 10) to base 12
-8404
-546055 (base 10) to base 3
-1000202001021
-213233 (base 15) to base 11
-98a092
4022163 (base 7) to base 2
1110100010000010010
Convert 1111011010110001010 (base 2) to base 11.
315647
Convert -1221102202 (base 3) to base 13.
-14525
69c2d (base 14) to base 6
5304305
51205012 (base 6) to base 10
1462976
Convert 774687 (base 10) to base 13.
2117c4
Convert 2525819 (base 10) to base 5.
1121311234
Convert 258340 (base 9) to base 16.
26556
What is -10010111000010100001111 (base 2) in base 12?
-17a81a7
-1001111111110000001001 (base 2) to base 6
-132055333
226247 (base 8) to base 12
3865b
Convert 4047873 (base 9) to base 8.
10166401
What is -378074 (base 9) in base 10?
-228973
Convert -300103313 (base 4) to base 7.
-1452623
Convert -7b61a (base 12) to base 6.
-3312034
Convert 9ab305 (base 12) to base 5.
1112410133
-1a575a4 (base 13) to base 4
-201023300112
What is -160b4bd (base 15) in base 6?
-1330340554
What is -2a661 (base 15) in base 4?
-201103321
Convert -27ea60 (base 15) to base 4.
-13111122123
Convert -1001110110110 (base 3) to base 15.
-b0ec3
Convert 1010100010000010101110 (base 2) to base 16.
2a20ae
a7dfb (base 16) to base 4
2213313323
-2324443233 (base 5) to base 3
-100222220010112
What is -269073 (base 11) in base 8?
-1470167
Convert -10210121110 (base 3) to base 6.
-1334150
What is -113313003 (base 5) in base 12?
-214497
What is 2a57a3 (base 15) in base 12?
826783
What is 100221202202 (base 3) in base 7?
1444142
Convert 12112011221 (base 3) to base 15.
22354
Convert -106110 (base 10) to base 8.
-317176
What is 11100100010011101110 (base 2) in base 3?
1202111210012
What is -1010011000010101001 (base 2) in base 14?
-8bd57
-4040442114 (base 5) to base 16
-7c35fc
13276a (base 12) to base 9
530811
What is -a0a12 (base 11) in base 2?
-100100000010110001
Convert -160378 (base 11) to base 9.
-420030
-230550301 (base 6) to base 7
-51035443
73e079 (base 16) to base 5
3421002410
Convert -10919b4 (base 13) to base 12.
-185434b
What is -10211210202 (base 4) in base 3?
-2021002110210
What is 1010100000100010000 (base 2) in base 13?
c0965
Convert -110011100000011001 (base 2) to base 14.
-56c53
What is 4021504 (base 6) in base 5?
22031431
Convert 1123020302 (base 4) to base 8.
1331062
What is 31230112013 (base 4) in base 2?
1101101100010110000111
What is 5407350 (base 8) in base 2?
101100000111011101000
What is 213222102011 (base 4) in base 8?
47522205
c0e3 (base 16) to base 2
1100000011100011
Convert -b7501 (base 14) to base 13.
-1266bb
What is 2202110210011 (base 3) in base 4?
11211320011
Convert 107a35 (base 12) to base 7.
2142020
-19914 (base 13) to base 5
-3043442
-2aa010 (base 11) to base 2
-1110101101000101001
What is 38eb32 (base 16) in base 4?
32032230302
Convert 1e21b0 (base 15) to base 2.
101101000001011000001
Convert 33614d (base 16) to base 4.
30312011031
What is -1000010100110001110111 (base 2) in base 4?
-20110301313
31cc41 (base 14) to base 7
20225011
Convert -245a (base 15) to base 12.
-4587
-1000110000110110001011 (base 2) to base 12
-9294b7
Convert -31122002203 (base 4) to base 8.
-15320243
What is -44132221 (base 5) in base 8?
-1346627
What is 55b251 (base 14) in base 11?
1709794
Convert 5aaa (base 11) to base 5.
223420
Convert -1a2033 (base 14) to base 7.
-10612063
-100111010000001010011 (base 2) to base 3
-2102100101001
Convert 1603940 (base 10) to base 8.
6074544
What is -1585 (base 12) in base 8?
-4765
Convert -1010545 (base 7) to base 5.
-12322303
1526261 (base 7) to base 10
208685
Convert 204515541 (base 6) to base 8.
15536365
-30d8 (base 16) to base 12
-72a0
Convert -5422660 (base 7) to base 14.
-132dd7
Convert 123322250 (base 6) to base 15.
327ce0
-10021001212110 (base 3) to base 11
-a84419
Convert 33412446 (base 7) to base 8.
13024451
17061254 (base 8) to base 6
220453220
2141000301 (base 5) to base 7
54212121
Convert 70c0c (base 15) to base 10.
357087
What is 1bd22 (base 14) in base 5?
4234203
1e5c75 (base 15) to base 9
2716802
Convert 4aa2 (base 14) to base 2.
11001100010110
2113423012 (base 5) to base 16
43b027
Convert -100341004 (base 6) to base 13.
-47a775
Convert -10201102221120 (base 3) to base 12.
-7b4129
What is 1302215401 (base 6) in base 5?
12344243204
What is 1b30b92 (base 12) in base 11?
32a2984
What is -72a0 (base 11) in base 14?
-3749
3aaaa8 (base 14) to base 5
1004332210
What is 3703003 (base 8) in base 4?
3320120003
Convert -5a25a (base 12) to base 14.
-322d8
What is 40535 (base 13) in base 16?
1c1bd
What is 2085282 (base 10) in base 14?
3c3d2a
27b0 (base 14) to base 11
52a7
3850972 (base 12) to base 14
167a43c
20045c2 (base 13) to base 3
200011221201001
-110861 (base 14) to base 12
-23a519
What is -10224746 (base 9) in base 16?
-4b09d2
-1031631 (base 8) to base 4
-1003032121
What is -3208738 (base